{"version":"1.0","provider_name":"Jaminy Indexing Team","provider_url":"https:\/\/jzi.org.pl\/en\/","author_name":"Jami\u0144ski Zesp\u00f3\u0142 Indeksacyjny","author_url":"https:\/\/jzi.org.pl\/en\/author\/jzi\/","title":"Wspomnienie z \u017cycia wsi wieku minionego","type":"rich","width":600,"height":338,"html":"<blockquote class=\"wp-embedded-content\" data-secret=\"MVBrZLwL1d\"><a href=\"https:\/\/jzi.org.pl\/en\/product\/wspomnienie-z-zycia-wsi-wieku-minionego\/\">Wspomnienie z \u017cycia wsi wieku minionego<\/a><\/blockquote><iframe sandbox=\"allow-scripts\" security=\"restricted\" src=\"https:\/\/jzi.org.pl\/en\/product\/wspomnienie-z-zycia-wsi-wieku-minionego\/embed\/#?secret=MVBrZLwL1d\" width=\"600\" height=\"338\" title=\"&#8220;Wspomnienie z \u017cycia wsi wieku minionego&#8221; &#8212; Jami\u0144ski Zesp\u00f3\u0142 Indeksacyjny\" data-secret=\"MVBrZLwL1d\" frameborder=\"0\" marginwidth=\"0\" marginheight=\"0\" scrolling=\"no\" class=\"wp-embedded-content\"><\/iframe><script>\n\/*! This file is auto-generated *\/\n!function(d,l){\"use strict\";l.querySelector&&d.addEventListener&&\"undefined\"!=typeof URL&&(d.wp=d.wp||{},d.wp.receiveEmbedMessage||(d.wp.receiveEmbedMessage=function(e){var t=e.data;if((t||t.secret||t.message||t.value)&&!\/[^a-zA-Z0-9]\/.test(t.secret)){for(var s,r,n,a=l.querySelectorAll('iframe[data-secret=\"'+t.secret+'\"]'),o=l.querySelectorAll('blockquote[data-secret=\"'+t.secret+'\"]'),c=new RegExp(\"^https?:$\",\"i\"),i=0;i<o.length;i++)o[i].style.display=\"none\";for(i=0;i<a.length;i++)s=a[i],e.source===s.contentWindow&&(s.removeAttribute(\"style\"),\"height\"===t.message?(1e3<(r=parseInt(t.value,10))?r=1e3:~~r<200&&(r=200),s.height=r):\"link\"===t.message&&(r=new URL(s.getAttribute(\"src\")),n=new URL(t.value),c.test(n.protocol))&&n.host===r.host&&l.activeElement===s&&(d.top.location.href=t.value))}},d.addEventListener(\"message\",d.wp.receiveEmbedMessage,!1),l.addEventListener(\"DOMContentLoaded\",function(){for(var e,t,s=l.querySelectorAll(\"iframe.wp-embedded-content\"),r=0;r<s.length;r++)(t=(e=s[r]).getAttribute(\"data-secret\"))||(t=Math.random().toString(36).substring(2,12),e.src+=\"#?secret=\"+t,e.setAttribute(\"data-secret\",t)),e.contentWindow.postMessage({message:\"ready\",secret:t},\"*\")},!1)))}(window,document);\n\/\/# sourceURL=https:\/\/jzi.org.pl\/wp-includes\/js\/wp-embed.min.js\n<\/script>","thumbnail_url":"https:\/\/jzi.org.pl\/wp-content\/uploads\/2018\/12\/wspomnienie-z-zycia-wsi-wieku-minionego-0.jpg","thumbnail_width":1719,"thumbnail_height":2454,"description":"Te wspomnienia s\u0105 zapisem lokalnych wydarze\u0144 z pierwszej po\u0142owy XX wieku barwnie opisuj\u0105cych histori\u0119 jej mieszka\u0144c\u00f3w. Ksi\u0105\u017cka jest rodzajem pami\u0119tnika z \u017cycia wsi wieku minionego przeplataj\u0105cego si\u0119 z wielk\u0105 histori\u0105 wydarze\u0144 XX wieku, widzian\u0105 z perspektywy \u017cycia zwyk\u0142ych ludzi na wsi. Wsi nieco odci\u0119tej od reszty \u015bwiata, jak\u0105 przez d\u0142ugie lata by\u0142o Jag\u0142owo. Jan Zajko [1915-2003] urodzi\u0142 si\u0119 w Jag\u0142owie sk\u0105d wywodzi\u0142a si\u0119 jego rodzina. Autor spisa\u0142 swoje wspomnienia po latach tak jak je widzia\u0142 i czu\u0142. Uwodzi pi\u0119knem j\u0119zyka i sformu\u0142owa\u0144, jakich dzi\u015b coraz mniej si\u0119 u\u017cywa. Wspomina w niej tak\u017ce swoje nowe \u017cycie, jakie rozpocz\u0105\u0142 w Suchowoli w 1945 roku. By\u0142 cz\u0142owiekiem bardzo rodzinnym, u\u0142anem, wielokrotnym uciekinierem spod luf karabinowych, spo\u0142ecznikiem zaanga\u017cowanym m.in. w \u017cycie ko\u015bcio\u0142a, wieloletnim pracownikiem i vice prezesem GS-u w Suchowoli od lat 50-tych. Przez lata wspomnienia te le\u017ca\u0142y w szufladzie udost\u0119pniane jedynie rodzinie. Dzi\u015b ze wzgl\u0119du na sw\u0105 wyj\u0105tkow\u0105 warto\u015b\u0107 historyczno-genealogiczn\u0105 udost\u0119pniamy j\u0105 Tobie Czytelniku. Ksi\u0105\u017cka jak zwykle zosta\u0142a wzbogacona w rozbudowane przypisy i liczne zdj\u0119cia rodzinne ilustruj\u0105ce epok\u0119. Na ko\u0144cu sporz\u0105dzono indeks os\u00f3b oraz miejscowo\u015bci pojawiaj\u0105cych si\u0119 w tre\u015bci ksi\u0105\u017cki."}

Jamiński Zespół Indeksacyjny

Wspomnienie z życia wsi wieku minionego

<blockquote class="wp-embedded-content" data-secret="MVBrZLwL1d"><a href="https://jzi.org.pl/en/product/wspomnienie-z-zycia-wsi-wieku-minionego/">Wspomnienie z życia wsi wieku minionego</a></blockquote><iframe sandbox="allow-scripts" security="restricted" src="https://jzi.org.pl/en/product/wspomnienie-z-zycia-wsi-wieku-minionego/embed/#?secret=MVBrZLwL1d" width="600" height="338" title="&#8220;Wspomnienie z życia wsi wieku minionego&#8221; &#8212; Jamiński Zespół Indeksacyjny" data-secret="MVBrZLwL1d" frameborder="0" marginwidth="0" marginheight="0" scrolling="no" class="wp-embedded-content"></iframe><script>
/*! This file is auto-generated */
!function(d,l){"use strict";l.querySelector&&d.addEventListener&&"undefined"!=typeof URL&&(d.wp=d.wp||{},d.wp.receiveEmbedMessage||(d.wp.receiveEmbedMessage=function(e){var t=e.data;if((t||t.secret||t.message||t.value)&&!/[^a-zA-Z0-9]/.test(t.secret)){for(var s,r,n,a=l.querySelectorAll('iframe[data-secret="'+t.secret+'"]'),o=l.querySelectorAll('blockquote[data-secret="'+t.secret+'"]'),c=new RegExp("^https?:$","i"),i=0;i<o.length;i++)o[i].style.display="none";for(i=0;i<a.length;i++)s=a[i],e.source===s.contentWindow&&(s.removeAttribute("style"),"height"===t.message?(1e3<(r=parseInt(t.value,10))?r=1e3:~~r<200&&(r=200),s.height=r):"link"===t.message&&(r=new URL(s.getAttribute("src")),n=new URL(t.value),c.test(n.protocol))&&n.host===r.host&&l.activeElement===s&&(d.top.location.href=t.value))}},d.addEventListener("message",d.wp.receiveEmbedMessage,!1),l.addEventListener("DOMContentLoaded",function(){for(var e,t,s=l.querySelectorAll("iframe.wp-embedded-content"),r=0;r<s.length;r++)(t=(e=s[r]).getAttribute("data-secret"))||(t=Math.random().toString(36).substring(2,12),e.src+="#?secret="+t,e.setAttribute("data-secret",t)),e.contentWindow.postMessage({message:"ready",secret:t},"*")},!1)))}(window,document);
//# sourceURL=https://jzi.org.pl/wp-includes/js/wp-embed.min.js
</script>

Te wspomnienia są zapisem lokalnych wydarzeń z pierwszej połowy XX wieku barwnie opisujących historię jej mieszkańców. Książka jest rodzajem pamiętnika z życia wsi wieku minionego przeplatającego się z wielką historią wydarzeń XX wieku, widzianą z perspektywy życia zwykłych ludzi na wsi. Wsi nieco odciętej od reszty świata, jaką przez długie lata było Jagłowo. Jan Zajko [1915-2003] urodził się w Jagłowie skąd wywodziła się jego rodzina. Autor spisał swoje wspomnienia po latach tak jak je widział i czuł. Uwodzi pięknem języka i sformułowań, jakich dziś coraz mniej się używa. Wspomina w niej także swoje nowe życie, jakie rozpoczął w Suchowoli w 1945 roku. Był człowiekiem bardzo rodzinnym, ułanem, wielokrotnym uciekinierem spod luf karabinowych, społecznikiem zaangażowanym m.in. w życie kościoła, wieloletnim pracownikiem i vice prezesem GS-u w Suchowoli od lat 50-tych. Przez lata wspomnienia te leżały w szufladzie udostępniane jedynie rodzinie. Dziś ze względu na swą wyjątkową wartość historyczno-genealogiczną udostępniamy ją Tobie Czytelniku. Książka jak zwykle została wzbogacona w rozbudowane przypisy i liczne zdjęcia rodzinne ilustrujące epokę. Na końcu sporządzono indeks osób oraz miejscowości pojawiających się w treści książki.
