{"version":"1.0","provider_name":"Jaminy Indexing Team","provider_url":"https:\/\/jzi.org.pl\/en\/","author_name":"Jami\u0144ski Zesp\u00f3\u0142 Indeksacyjny","author_url":"https:\/\/jzi.org.pl\/en\/author\/jzi\/","title":"Mogilnica &#8211; Nasz G\u0142os 1933 r. Nr 5 (11) - Jami\u0144ski Zesp\u00f3\u0142 Indeksacyjny","type":"rich","width":600,"height":338,"html":"<blockquote class=\"wp-embedded-content\" data-secret=\"vsTDu93jDT\"><a href=\"https:\/\/jzi.org.pl\/en\/2022\/07\/01\/mogilnica-nasz-glos-1933-r-nr-5-11\/\">Mogilnica &#8211; Nasz G\u0142os 1933 r. Nr 5 (11)<\/a><\/blockquote><iframe sandbox=\"allow-scripts\" security=\"restricted\" src=\"https:\/\/jzi.org.pl\/en\/2022\/07\/01\/mogilnica-nasz-glos-1933-r-nr-5-11\/embed\/#?secret=vsTDu93jDT\" width=\"600\" height=\"338\" title=\"&#8220;Mogilnica &#8211; Nasz G\u0142os 1933 r. Nr 5 (11)&#8221; &#8212; Jami\u0144ski Zesp\u00f3\u0142 Indeksacyjny\" data-secret=\"vsTDu93jDT\" frameborder=\"0\" marginwidth=\"0\" marginheight=\"0\" scrolling=\"no\" class=\"wp-embedded-content\"><\/iframe><script>\n\/*! This file is auto-generated *\/\n!function(d,l){\"use strict\";l.querySelector&&d.addEventListener&&\"undefined\"!=typeof URL&&(d.wp=d.wp||{},d.wp.receiveEmbedMessage||(d.wp.receiveEmbedMessage=function(e){var t=e.data;if((t||t.secret||t.message||t.value)&&!\/[^a-zA-Z0-9]\/.test(t.secret)){for(var s,r,n,a=l.querySelectorAll('iframe[data-secret=\"'+t.secret+'\"]'),o=l.querySelectorAll('blockquote[data-secret=\"'+t.secret+'\"]'),c=new RegExp(\"^https?:$\",\"i\"),i=0;i<o.length;i++)o[i].style.display=\"none\";for(i=0;i<a.length;i++)s=a[i],e.source===s.contentWindow&&(s.removeAttribute(\"style\"),\"height\"===t.message?(1e3<(r=parseInt(t.value,10))?r=1e3:~~r<200&&(r=200),s.height=r):\"link\"===t.message&&(r=new URL(s.getAttribute(\"src\")),n=new URL(t.value),c.test(n.protocol))&&n.host===r.host&&l.activeElement===s&&(d.top.location.href=t.value))}},d.addEventListener(\"message\",d.wp.receiveEmbedMessage,!1),l.addEventListener(\"DOMContentLoaded\",function(){for(var e,t,s=l.querySelectorAll(\"iframe.wp-embedded-content\"),r=0;r<s.length;r++)(t=(e=s[r]).getAttribute(\"data-secret\"))||(t=Math.random().toString(36).substring(2,12),e.src+=\"#?secret=\"+t,e.setAttribute(\"data-secret\",t)),e.contentWindow.postMessage({message:\"ready\",secret:t},\"*\")},!1)))}(window,document);\n\/\/# sourceURL=https:\/\/jzi.org.pl\/wp-includes\/js\/wp-embed.min.js\n<\/script>","thumbnail_url":"https:\/\/jzi.org.pl\/wp-content\/uploads\/2022\/07\/Mogilnice1.jpg","thumbnail_width":2048,"thumbnail_height":1366,"description":"Poni\u017cej zaprezentowany artyku\u0142 z cyklu &#8222;Nasze wsie&#8221; autorstwa Stanis\u0142awa Wysockiego, ukaza\u0142 si\u0119 w numerze 5 (11) 1933 roku w augustowskim pi\u015bmie regionalnym \u201eNasz G\u0142os\u02ee. Zachowano oryginaln\u0105 pisowni\u0119. Na po\u0142udniowych granicach naszego powiatu, w dorzeczu kana\u0142u Augustowskiego, tu\u017c przy drodze powiatowej, wiod\u0105cej z Augustowa w stron\u0119 Bia\u0142egostoku, po\u0142o\u017cona jest jedna z najstarszych i najpi\u0119kniejszych wsi naszego [&hellip;]"}

Jamiński Zespół Indeksacyjny

Mogilnica &#8211; Nasz Głos 1933 r. Nr 5 (11) - Jamiński Zespół Indeksacyjny

<blockquote class="wp-embedded-content" data-secret="vsTDu93jDT"><a href="https://jzi.org.pl/en/2022/07/01/mogilnica-nasz-glos-1933-r-nr-5-11/">Mogilnica &#8211; Nasz Głos 1933 r. Nr 5 (11)</a></blockquote><iframe sandbox="allow-scripts" security="restricted" src="https://jzi.org.pl/en/2022/07/01/mogilnica-nasz-glos-1933-r-nr-5-11/embed/#?secret=vsTDu93jDT" width="600" height="338" title="&#8220;Mogilnica &#8211; Nasz Głos 1933 r. Nr 5 (11)&#8221; &#8212; Jamiński Zespół Indeksacyjny" data-secret="vsTDu93jDT" frameborder="0" marginwidth="0" marginheight="0" scrolling="no" class="wp-embedded-content"></iframe><script>
/*! This file is auto-generated */
!function(d,l){"use strict";l.querySelector&&d.addEventListener&&"undefined"!=typeof URL&&(d.wp=d.wp||{},d.wp.receiveEmbedMessage||(d.wp.receiveEmbedMessage=function(e){var t=e.data;if((t||t.secret||t.message||t.value)&&!/[^a-zA-Z0-9]/.test(t.secret)){for(var s,r,n,a=l.querySelectorAll('iframe[data-secret="'+t.secret+'"]'),o=l.querySelectorAll('blockquote[data-secret="'+t.secret+'"]'),c=new RegExp("^https?:$","i"),i=0;i<o.length;i++)o[i].style.display="none";for(i=0;i<a.length;i++)s=a[i],e.source===s.contentWindow&&(s.removeAttribute("style"),"height"===t.message?(1e3<(r=parseInt(t.value,10))?r=1e3:~~r<200&&(r=200),s.height=r):"link"===t.message&&(r=new URL(s.getAttribute("src")),n=new URL(t.value),c.test(n.protocol))&&n.host===r.host&&l.activeElement===s&&(d.top.location.href=t.value))}},d.addEventListener("message",d.wp.receiveEmbedMessage,!1),l.addEventListener("DOMContentLoaded",function(){for(var e,t,s=l.querySelectorAll("iframe.wp-embedded-content"),r=0;r<s.length;r++)(t=(e=s[r]).getAttribute("data-secret"))||(t=Math.random().toString(36).substring(2,12),e.src+="#?secret="+t,e.setAttribute("data-secret",t)),e.contentWindow.postMessage({message:"ready",secret:t},"*")},!1)))}(window,document);
//# sourceURL=https://jzi.org.pl/wp-includes/js/wp-embed.min.js
</script>

Poniżej zaprezentowany artykuł z cyklu &#8222;Nasze wsie&#8221; autorstwa Stanisława Wysockiego, ukazał się w numerze 5 (11) 1933 roku w augustowskim piśmie regionalnym „Nasz Głosˮ. Zachowano oryginalną pisownię. Na południowych granicach naszego powiatu, w dorzeczu kanału Augustowskiego, tuż przy drodze powiatowej, wiodącej z Augustowa w stronę Białegostoku, położona jest jedna z najstarszych i najpiękniejszych wsi naszego [&hellip;]
