{"version":"1.0","provider_name":"Jaminy Indexing Team","provider_url":"https:\/\/jzi.org.pl\/en\/","author_name":"Andrzej Szczud\u0142o","author_url":"https:\/\/jzi.org.pl\/en\/author\/aldand19\/","title":"Spod Sejn do Ameryki - Jami\u0144ski Zesp\u00f3\u0142 Indeksacyjny","type":"rich","width":600,"height":338,"html":"<blockquote class=\"wp-embedded-content\" data-secret=\"Gg8JOCZJyf\"><a href=\"https:\/\/jzi.org.pl\/en\/2020\/05\/18\/spod-sejn-do-ameryki\/\">From Sejny to America<\/a><\/blockquote><iframe sandbox=\"allow-scripts\" security=\"restricted\" src=\"https:\/\/jzi.org.pl\/en\/2020\/05\/18\/spod-sejn-do-ameryki\/embed\/#?secret=Gg8JOCZJyf\" width=\"600\" height=\"338\" title=\"&#8220;Spod Sejn do Ameryki&#8221; &#8212; Jami\u0144ski Zesp\u00f3\u0142 Indeksacyjny\" data-secret=\"Gg8JOCZJyf\" frameborder=\"0\" marginwidth=\"0\" marginheight=\"0\" scrolling=\"no\" class=\"wp-embedded-content\"><\/iframe><script>\n\/*! This file is auto-generated *\/\n!function(d,l){\"use strict\";l.querySelector&&d.addEventListener&&\"undefined\"!=typeof URL&&(d.wp=d.wp||{},d.wp.receiveEmbedMessage||(d.wp.receiveEmbedMessage=function(e){var t=e.data;if((t||t.secret||t.message||t.value)&&!\/[^a-zA-Z0-9]\/.test(t.secret)){for(var s,r,n,a=l.querySelectorAll('iframe[data-secret=\"'+t.secret+'\"]'),o=l.querySelectorAll('blockquote[data-secret=\"'+t.secret+'\"]'),c=new RegExp(\"^https?:$\",\"i\"),i=0;i<o.length;i++)o[i].style.display=\"none\";for(i=0;i<a.length;i++)s=a[i],e.source===s.contentWindow&&(s.removeAttribute(\"style\"),\"height\"===t.message?(1e3<(r=parseInt(t.value,10))?r=1e3:~~r<200&&(r=200),s.height=r):\"link\"===t.message&&(r=new URL(s.getAttribute(\"src\")),n=new URL(t.value),c.test(n.protocol))&&n.host===r.host&&l.activeElement===s&&(d.top.location.href=t.value))}},d.addEventListener(\"message\",d.wp.receiveEmbedMessage,!1),l.addEventListener(\"DOMContentLoaded\",function(){for(var e,t,s=l.querySelectorAll(\"iframe.wp-embedded-content\"),r=0;r<s.length;r++)(t=(e=s[r]).getAttribute(\"data-secret\"))||(t=Math.random().toString(36).substring(2,12),e.src+=\"#?secret=\"+t,e.setAttribute(\"data-secret\",t)),e.contentWindow.postMessage({message:\"ready\",secret:t},\"*\")},!1)))}(window,document);\n\/\/# sourceURL=https:\/\/jzi.org.pl\/wp-includes\/js\/wp-embed.min.js\n<\/script>","thumbnail_url":"https:\/\/jzi.org.pl\/wp-content\/uploads\/2020\/05\/bronislawa-zapielucha-1-scaled.jpg","thumbnail_width":2560,"thumbnail_height":1842,"description":"Od do\u015b\u0107 dawna wiedzia\u0142em, \u017ce siostra mojego pradziadka Adama Szczud\u0142o, Wiktoria wysz\u0142a za Kazimierza Zielepuch\u0119 (1835- 1905). Potem jeszcze kilkukrotnie spotyka\u0142em to nazwisko w rejestrach i metrykach parafii Sejny, przewa\u017cnie wypisywanych dla mieszka\u0144c\u00f3w wsi Zag\u00f3wiec, kt\u00f3ra od lat 40. dziewi\u0119tnastego wieku by\u0142a te\u017c wsi\u0105 moich przodk\u00f3w Szczud\u0142\u00f3w. Osobi\u015bcie \u017cadnego Zielepuchy nie zna\u0142em. Z czasem Witek [&hellip;]"}

Andrzej Szczudło

Spod Sejn do Ameryki - Jamiński Zespół Indeksacyjny

<blockquote class="wp-embedded-content" data-secret="Gg8JOCZJyf"><a href="https://jzi.org.pl/en/2020/05/18/spod-sejn-do-ameryki/">From Sejny to America</a></blockquote><iframe sandbox="allow-scripts" security="restricted" src="https://jzi.org.pl/en/2020/05/18/spod-sejn-do-ameryki/embed/#?secret=Gg8JOCZJyf" width="600" height="338" title="&#8220;Spod Sejn do Ameryki&#8221; &#8212; Jamiński Zespół Indeksacyjny" data-secret="Gg8JOCZJyf" frameborder="0" marginwidth="0" marginheight="0" scrolling="no" class="wp-embedded-content"></iframe><script>
/*! This file is auto-generated */
!function(d,l){"use strict";l.querySelector&&d.addEventListener&&"undefined"!=typeof URL&&(d.wp=d.wp||{},d.wp.receiveEmbedMessage||(d.wp.receiveEmbedMessage=function(e){var t=e.data;if((t||t.secret||t.message||t.value)&&!/[^a-zA-Z0-9]/.test(t.secret)){for(var s,r,n,a=l.querySelectorAll('iframe[data-secret="'+t.secret+'"]'),o=l.querySelectorAll('blockquote[data-secret="'+t.secret+'"]'),c=new RegExp("^https?:$","i"),i=0;i<o.length;i++)o[i].style.display="none";for(i=0;i<a.length;i++)s=a[i],e.source===s.contentWindow&&(s.removeAttribute("style"),"height"===t.message?(1e3<(r=parseInt(t.value,10))?r=1e3:~~r<200&&(r=200),s.height=r):"link"===t.message&&(r=new URL(s.getAttribute("src")),n=new URL(t.value),c.test(n.protocol))&&n.host===r.host&&l.activeElement===s&&(d.top.location.href=t.value))}},d.addEventListener("message",d.wp.receiveEmbedMessage,!1),l.addEventListener("DOMContentLoaded",function(){for(var e,t,s=l.querySelectorAll("iframe.wp-embedded-content"),r=0;r<s.length;r++)(t=(e=s[r]).getAttribute("data-secret"))||(t=Math.random().toString(36).substring(2,12),e.src+="#?secret="+t,e.setAttribute("data-secret",t)),e.contentWindow.postMessage({message:"ready",secret:t},"*")},!1)))}(window,document);
//# sourceURL=https://jzi.org.pl/wp-includes/js/wp-embed.min.js
</script>

Od dość dawna wiedziałem, że siostra mojego pradziadka Adama Szczudło, Wiktoria wyszła za Kazimierza Zielepuchę (1835- 1905). Potem jeszcze kilkukrotnie spotykałem to nazwisko w rejestrach i metrykach parafii Sejny, przeważnie wypisywanych dla mieszkańców wsi Zagówiec, która od lat 40. dziewiętnastego wieku była też wsią moich przodków Szczudłów. Osobiście żadnego Zielepuchy nie znałem. Z czasem Witek [&hellip;]
