{"version":"1.0","provider_name":"Jaminy Indexing Team","provider_url":"https:\/\/jzi.org.pl\/en\/","author_name":"Jami\u0144ski Zesp\u00f3\u0142 Indeksacyjny","author_url":"https:\/\/jzi.org.pl\/en\/author\/jzi\/","title":"\u017byliny - indeksy zgon\u00f3w z lat 1975-2013","type":"rich","width":600,"height":338,"html":"<blockquote class=\"wp-embedded-content\" data-secret=\"745nuoHugu\"><a href=\"https:\/\/jzi.org.pl\/en\/2018\/02\/21\/zyliny-indeksy-zgonow-1975-2013\/\">\u017byliny &#8211; indeksy zgon\u00f3w z lat 1975-2013<\/a><\/blockquote><iframe sandbox=\"allow-scripts\" security=\"restricted\" src=\"https:\/\/jzi.org.pl\/en\/2018\/02\/21\/zyliny-indeksy-zgonow-1975-2013\/embed\/#?secret=745nuoHugu\" width=\"600\" height=\"338\" title=\"&#8220;\u017byliny &#8211; indeksy zgon\u00f3w z lat 1975-2013&#8221; &#8212; Jami\u0144ski Zesp\u00f3\u0142 Indeksacyjny\" data-secret=\"745nuoHugu\" frameborder=\"0\" marginwidth=\"0\" marginheight=\"0\" scrolling=\"no\" class=\"wp-embedded-content\"><\/iframe><script>\n\/*! This file is auto-generated *\/\n!function(d,l){\"use strict\";l.querySelector&&d.addEventListener&&\"undefined\"!=typeof URL&&(d.wp=d.wp||{},d.wp.receiveEmbedMessage||(d.wp.receiveEmbedMessage=function(e){var t=e.data;if((t||t.secret||t.message||t.value)&&!\/[^a-zA-Z0-9]\/.test(t.secret)){for(var s,r,n,a=l.querySelectorAll('iframe[data-secret=\"'+t.secret+'\"]'),o=l.querySelectorAll('blockquote[data-secret=\"'+t.secret+'\"]'),c=new RegExp(\"^https?:$\",\"i\"),i=0;i<o.length;i++)o[i].style.display=\"none\";for(i=0;i<a.length;i++)s=a[i],e.source===s.contentWindow&&(s.removeAttribute(\"style\"),\"height\"===t.message?(1e3<(r=parseInt(t.value,10))?r=1e3:~~r<200&&(r=200),s.height=r):\"link\"===t.message&&(r=new URL(s.getAttribute(\"src\")),n=new URL(t.value),c.test(n.protocol))&&n.host===r.host&&l.activeElement===s&&(d.top.location.href=t.value))}},d.addEventListener(\"message\",d.wp.receiveEmbedMessage,!1),l.addEventListener(\"DOMContentLoaded\",function(){for(var e,t,s=l.querySelectorAll(\"iframe.wp-embedded-content\"),r=0;r<s.length;r++)(t=(e=s[r]).getAttribute(\"data-secret\"))||(t=Math.random().toString(36).substring(2,12),e.src+=\"#?secret=\"+t,e.setAttribute(\"data-secret\",t)),e.contentWindow.postMessage({message:\"ready\",secret:t},\"*\")},!1)))}(window,document);\n\/\/# sourceURL=https:\/\/jzi.org.pl\/wp-includes\/js\/wp-embed.min.js\n<\/script>","thumbnail_url":"http:\/\/jzi.org.pl\/wp-content\/uploads\/2017\/07\/JZI-Logo.jpg","thumbnail_width":502,"thumbnail_height":515,"description":"Jami\u0144ski Zesp\u00f3\u0142 Indeksacyjny powsta\u0142 w 2011 roku, a po raz pierwszy publikujemy indeksy metryk, kt\u00f3re powstawa\u0142y ju\u017c po tej dacie. Mianowicie oddajemy do Waszej dyspozycji zawarto\u015b\u0107 ksi\u0119gi zgon\u00f3w z lat 1975-2013 z parafii \u017byliny z siedzib\u0105 w Pod\u017cylinach. Obowi\u0105zuj\u0105ce prawo uniemo\u017cliwia nam pe\u0142n\u0105 publikacj\u0119 - znajdziecie informacje o osobach zmar\u0142ych, a inne dane np. o ich rodzicach czy wsp\u00f3\u0142ma\u0142\u017conkach tylko w\u00f3wczas, gdy jest pewno\u015b\u0107, \u017ce s\u0105 osobami nie\u017cyj\u0105cymi. Nale\u017cy r\u00f3wnie\u017c pami\u0119ta\u0107, \u017ce indeksowali\u015bmy ksi\u0119g\u0119 ko\u015bcieln\u0105 wyznania rzymsko-katolickiego, nie akta stanu cywilnego. Nie obejmuje wi\u0119c ona wszystkich zgon\u00f3w z obszaru parafii \u017byliny. Nie wszystkie rodziny zg\u0142asza\u0142y \u015bmier\u0107 swoich bliskich ksi\u0119dzu, a tak\u017ce osoby innych wyzna\u0144 nie znalaz\u0142y si\u0119 w tej ksi\u0119dze. Mimo to zapraszamy do ciekawej lektury! Postaramy si\u0119 r\u00f3wnie dok\u0142adnie indeksowa\u0107 zgony z innych parafii, jednak b\u0119dzie to zale\u017ce\u0107 od przychylno\u015bci i zaufania ksi\u0119\u017cy. Ponad 420 wpis\u00f3w zindeksowa\u0142a Wiola Ostrowska. Dzi\u0119kujemy! Nowe indeksy mo\u017cna przegl\u0105da\u0107 za pomoc\u0105 wyszukiwarki Geneo."}

Jamiński Zespół Indeksacyjny

Żyliny - indeksy zgonów z lat 1975-2013

<blockquote class="wp-embedded-content" data-secret="745nuoHugu"><a href="https://jzi.org.pl/en/2018/02/21/zyliny-indeksy-zgonow-1975-2013/">Żyliny &#8211; indeksy zgonów z lat 1975-2013</a></blockquote><iframe sandbox="allow-scripts" security="restricted" src="https://jzi.org.pl/en/2018/02/21/zyliny-indeksy-zgonow-1975-2013/embed/#?secret=745nuoHugu" width="600" height="338" title="&#8220;Żyliny &#8211; indeksy zgonów z lat 1975-2013&#8221; &#8212; Jamiński Zespół Indeksacyjny" data-secret="745nuoHugu" frameborder="0" marginwidth="0" marginheight="0" scrolling="no" class="wp-embedded-content"></iframe><script>
/*! This file is auto-generated */
!function(d,l){"use strict";l.querySelector&&d.addEventListener&&"undefined"!=typeof URL&&(d.wp=d.wp||{},d.wp.receiveEmbedMessage||(d.wp.receiveEmbedMessage=function(e){var t=e.data;if((t||t.secret||t.message||t.value)&&!/[^a-zA-Z0-9]/.test(t.secret)){for(var s,r,n,a=l.querySelectorAll('iframe[data-secret="'+t.secret+'"]'),o=l.querySelectorAll('blockquote[data-secret="'+t.secret+'"]'),c=new RegExp("^https?:$","i"),i=0;i<o.length;i++)o[i].style.display="none";for(i=0;i<a.length;i++)s=a[i],e.source===s.contentWindow&&(s.removeAttribute("style"),"height"===t.message?(1e3<(r=parseInt(t.value,10))?r=1e3:~~r<200&&(r=200),s.height=r):"link"===t.message&&(r=new URL(s.getAttribute("src")),n=new URL(t.value),c.test(n.protocol))&&n.host===r.host&&l.activeElement===s&&(d.top.location.href=t.value))}},d.addEventListener("message",d.wp.receiveEmbedMessage,!1),l.addEventListener("DOMContentLoaded",function(){for(var e,t,s=l.querySelectorAll("iframe.wp-embedded-content"),r=0;r<s.length;r++)(t=(e=s[r]).getAttribute("data-secret"))||(t=Math.random().toString(36).substring(2,12),e.src+="#?secret="+t,e.setAttribute("data-secret",t)),e.contentWindow.postMessage({message:"ready",secret:t},"*")},!1)))}(window,document);
//# sourceURL=https://jzi.org.pl/wp-includes/js/wp-embed.min.js
</script>

Jamiński Zespół Indeksacyjny powstał w 2011 roku, a po raz pierwszy publikujemy indeksy metryk, które powstawały już po tej dacie. Mianowicie oddajemy do Waszej dyspozycji zawartość księgi zgonów z lat 1975-2013 z parafii Żyliny z siedzibą w Podżylinach. Obowiązujące prawo uniemożliwia nam pełną publikację - znajdziecie informacje o osobach zmarłych, a inne dane np. o ich rodzicach czy współmałżonkach tylko wówczas, gdy jest pewność, że są osobami nieżyjącymi. Należy również pamiętać, że indeksowaliśmy księgę kościelną wyznania rzymsko-katolickiego, nie akta stanu cywilnego. Nie obejmuje więc ona wszystkich zgonów z obszaru parafii Żyliny. Nie wszystkie rodziny zgłaszały śmierć swoich bliskich księdzu, a także osoby innych wyznań nie znalazły się w tej księdze. Mimo to zapraszamy do ciekawej lektury! Postaramy się równie dokładnie indeksować zgony z innych parafii, jednak będzie to zależeć od przychylności i zaufania księży. Ponad 420 wpisów zindeksowała Wiola Ostrowska. Dziękujemy! Nowe indeksy można przeglądać za pomocą wyszukiwarki Geneo.
